{"id":3041,"date":"2022-10-06T21:32:21","date_gmt":"2022-10-07T00:32:21","guid":{"rendered":"https:\/\/omelhordaqui.net\/?page_id=3041"},"modified":"2022-10-06T21:32:21","modified_gmt":"2022-10-07T00:32:21","slug":"premio-o-melhor-daqui-capivari-sp-2022","status":"publish","type":"page","link":"https:\/\/omelhordaqui.net\/index.php\/premio-o-melhor-daqui-capivari-sp-2022\/","title":{"rendered":"Pr\u00eamio &#8220;O Melhor Daqui&#8221; Capivari-SP 2022"},"content":{"rendered":"\n<h3 class=\"wp-block-heading\">Mostre para o p\u00fablico que sua empresa foi eleita entre as melhores da cidade!<\/h3>\n\n\n\n<div class=\"wp-block-media-text alignwide is-stacked-on-mobile is-vertically-aligned-center\"><figure class=\"wp-block-media-text__media\"><img decoding=\"async\" loading=\"lazy\" width=\"790\" height=\"1024\" src=\"https:\/\/omelhordaqui.net\/wp-content\/uploads\/2022\/01\/moca-bonita-diploma-quebrado-790x1024.jpeg\" alt=\"\" class=\"wp-image-2506 size-full\" srcset=\"https:\/\/omelhordaqui.net\/wp-content\/uploads\/2022\/01\/moca-bonita-diploma-quebrado-790x1024.jpeg 790w, https:\/\/omelhordaqui.net\/wp-content\/uploads\/2022\/01\/moca-bonita-diploma-quebrado-232x300.jpeg 232w, https:\/\/omelhordaqui.net\/wp-content\/uploads\/2022\/01\/moca-bonita-diploma-quebrado-768x995.jpeg 768w, https:\/\/omelhordaqui.net\/wp-content\/uploads\/2022\/01\/moca-bonita-diploma-quebrado.jpeg 988w\" sizes=\"(max-width: 790px) 100vw, 790px\" \/><\/figure><div class=\"wp-block-media-text__content\">\n<p class=\"has-medium-font-size\"><strong>1<\/strong>) <strong>KIT PLACA PERSONALIZADA + 4 ADESIVOS + PUBLICIDADE SEMANAL: R$197,00 (VENDAS AT\u00c9 20\/10\/2022)<\/strong><br>Diploma (20x30cm) fabricado em placa de acr\u00edlico com impress\u00e3o HD da imagem de nossa <strong>exclusiva medalha Ouro, Prata ou Bronze<\/strong>, <strong>personalizado com o nome e o segmento comercial<\/strong> da sua empresa, para ser usado de p\u00e9, como trof\u00e9u, ou fixado na parede + <strong>quatro selos adesivos<\/strong>\u00a0com a imagem de nossa <strong>exclusiva medalha Ouro, Prata ou Bronze <\/strong>para colocar na vitrine, na porta e em outros locais de destaque de sua empresa + <strong>divulga\u00e7\u00e3o semanal<\/strong> das novidades de sua empresa\u00a0no grupo &#8220;O Melhor de Capivari&#8221; no Facebook at\u00e9 o in\u00edcio das vota\u00e7\u00f5es da premia\u00e7\u00e3o de 2022.<\/p>\n<\/div><\/div>\n\n\n\n<p><\/p>\n\n\n\n<div class=\"wp-block-media-text alignwide is-stacked-on-mobile\"><figure class=\"wp-block-media-text__media\"><img decoding=\"async\" loading=\"lazy\" width=\"1024\" height=\"741\" src=\"https:\/\/omelhordaqui.net\/wp-content\/uploads\/2022\/01\/CERTIFICADO_OURO-1-1024x741.png\" alt=\"\" class=\"wp-image-2499 size-full\" srcset=\"https:\/\/omelhordaqui.net\/wp-content\/uploads\/2022\/01\/CERTIFICADO_OURO-1-1024x741.png 1024w, https:\/\/omelhordaqui.net\/wp-content\/uploads\/2022\/01\/CERTIFICADO_OURO-1-300x217.png 300w, https:\/\/omelhordaqui.net\/wp-content\/uploads\/2022\/01\/CERTIFICADO_OURO-1-768x556.png 768w, https:\/\/omelhordaqui.net\/wp-content\/uploads\/2022\/01\/CERTIFICADO_OURO-1.png 1406w\" sizes=\"(max-width: 1024px) 100vw, 1024px\" \/><\/figure><div class=\"wp-block-media-text__content\">\n<p class=\"has-medium-font-size\"><strong>2) CERTIFICADO EM PDF: R$49,00<\/strong><br>Certificado em arquivo pdf, atestando a conquista da medalha Ouro, Prata ou Bronze de sua empresa no segmento comercial em que foi premiada. Arquivo em formato A4, com qualidade para impress\u00e3o em 300 dpi.<\/p>\n<\/div><\/div>\n\n\n\n<h4 class=\"wp-block-heading\"><strong>Fa\u00e7a sua encomenda AGORA!<\/strong><\/h4>\n\n\n\n<p>1- <strong>Fa\u00e7a o pagamento via chave PIX CNPJ: <strong>18.073.675\/0001-26<\/strong><\/strong>.<br>2- <strong>Envie uma imagem do comprovante<\/strong> junto com o nome e o CNPJ da sua empresa (ou seu CPF se preferir) para o WhatsApp (14) 99889-7386 (com Ana Beatriz).<br>3- O kit com a placa com o diploma de sua empresa e os quatro selos adesivos (R$197) poder\u00e3o ser <strong>retirados em nosso distribuidor <\/strong>de sua cidade em m\u00e9dia <strong>45 dias ap\u00f3s o fechamento do lote da cidade<\/strong>. Esse prazo pode variar em fun\u00e7\u00e3o da transportadora que atenda a sua cidade. A partir da comprova\u00e7\u00e3o do pagamento, sua empresa j\u00e1 poder\u00e1 utilizar a <strong>propaganda semanal<\/strong> no grupo de vota\u00e7\u00e3o de sua cidade no Facebook.<br>4- O <strong>Certificado<\/strong> em PDF (R$49) ser\u00e1 enviado no seu whatsapp at\u00e9 <strong>tr\u00eas dias ap\u00f3s a identifica\u00e7\u00e3o do pagamento<\/strong>. <\/p>\n\n\n\n<p>Aten\u00e7\u00e3o: Fa\u00e7a o pagamento apenas pela op\u00e7\u00e3o indicada acima. Ningu\u00e9m est\u00e1 autorizado a receber o pagamento de sua empresa pessoalmente ou atrav\u00e9s de outras contas banc\u00e1rias ou outras chaves PIX. Para assegurar a seguran\u00e7a da premia\u00e7\u00e3o, o nome da sua empresa no diploma ser\u00e1 impresso como consta no resultado da premia\u00e7\u00e3o, publicado no grupo de vota\u00e7\u00e3o de sua cidade no Facebook. <\/p>\n\n\n\n<p>O Pr\u00eamio &#8220;O Melhor Daqui&#8221; nasceu no bairro do Morumbi em S\u00e3o Paulo em 2004 e hoje \u00e9 realizado em mais de 80 cidades do interior dos estados de S\u00e3o Paulo, Paran\u00e1 e Minas Gerais. <strong>A premia\u00e7\u00e3o e sua medalha exclusiva est\u00e3o protegidas pelo INPI e apenas esta premia\u00e7\u00e3o tem autoriza\u00e7\u00e3o para utiliz\u00e1-las e para oferecer a medalha \u00e0s empresas vencedoras.<\/strong> Confira em nosso site: <strong><a href=\"http:\/\/omelhordaqui.net\/\">www.omelhordaqui.net<\/a><\/strong><\/p>\n\n\n\n<p><strong>Equipe OMelhorDaqui.Net<\/strong><\/p>\n\n\n\n<p><strong>Celular\/Whatsapp: (14) 99889-7386 (com Ana Beatriz).<br>contato@omelhordaqui.net<\/strong><\/p>\n\n\n\n<p><\/p>\n","protected":false},"excerpt":{"rendered":"<p>Mostre para o p\u00fablico que sua empresa foi eleita entre as melhores da cidade! 1) KIT PLACA PERSONALIZADA + 4 ADESIVOS + PUBLICIDADE SEMANAL: R$197,00 [&#8230;]<\/p>\n","protected":false},"author":1,"featured_media":0,"parent":0,"menu_order":0,"comment_status":"closed","ping_status":"closed","template":"","meta":[],"_links":{"self":[{"href":"https:\/\/omelhordaqui.net\/index.php\/wp-json\/wp\/v2\/pages\/3041"}],"collection":[{"href":"https:\/\/omelhordaqui.net\/index.php\/wp-json\/wp\/v2\/pages"}],"about":[{"href":"https:\/\/omelhordaqui.net\/index.php\/wp-json\/wp\/v2\/types\/page"}],"author":[{"embeddable":true,"href":"https:\/\/omelhordaqui.net\/index.php\/wp-json\/wp\/v2\/users\/1"}],"replies":[{"embeddable":true,"href":"https:\/\/omelhordaqui.net\/index.php\/wp-json\/wp\/v2\/comments?post=3041"}],"version-history":[{"count":1,"href":"https:\/\/omelhordaqui.net\/index.php\/wp-json\/wp\/v2\/pages\/3041\/revisions"}],"predecessor-version":[{"id":3042,"href":"https:\/\/omelhordaqui.net\/index.php\/wp-json\/wp\/v2\/pages\/3041\/revisions\/3042"}],"wp:attachment":[{"href":"https:\/\/omelhordaqui.net\/index.php\/wp-json\/wp\/v2\/media?parent=3041"}],"curies":[{"name":"wp","href":"https:\/\/api.w.org\/{rel}","templated":true}]}}