{"id":2,"date":"2018-07-16T15:37:54","date_gmt":"2018-07-16T15:37:54","guid":{"rendered":"http:\/\/omelhordaqui.net\/?page_id=2"},"modified":"2022-05-12T12:23:32","modified_gmt":"2022-05-12T15:23:32","slug":"sample-page","status":"publish","type":"page","link":"https:\/\/omelhordaqui.net\/index.php\/sample-page\/","title":{"rendered":"Sobre"},"content":{"rendered":"<p><strong>O Melhor Daqui<\/strong> \u00e9 uma empresa dedicada \u00e0 promo\u00e7\u00e3o de eventos municipais onde o p\u00fablico elege as melhores empresas da cidade de maneira transparente e direta atrav\u00e9s do Facebook.<\/p>\n<p><strong>DIFERENCIAIS EM RELA\u00c7\u00c3O A OUTRAS PREMIA\u00c7\u00d5ES SEMELHANTES<\/strong><br \/>\nNossa premia\u00e7\u00e3o possui dois grandes diferenciais:<\/p>\n<ol>\n<li>PARTICIPA\u00c7\u00c3O POPULAR: por realizarmos a vota\u00e7\u00e3o atrav\u00e9s do Facebook com a possibilidade de m\u00faltiplos compartilhamentos nossa premia\u00e7\u00e3o atinge com facilidade milhares de pessoas.<\/li>\n<li>CREDIBILIDADE: todos os votos s\u00e3o realizados com identifica\u00e7\u00e3o pessoal, o que confere credibilidade total \u00e0 nossa premia\u00e7\u00e3o.<\/li>\n<li>\u00c9TICA: em nosso sistema de premia\u00e7\u00e3o, quem define os vencedores \u00e9 o p\u00fablico, de forma direta e transparente, sem espa\u00e7o para venda do t\u00edtulo de &#8220;Melhor de [Nome da Cidade]&#8221; a quem deseje ou n\u00e3o participar do evento de entrega dos diplomas.<\/li>\n<li>PARCERIA: nossa premia\u00e7\u00e3o \u00e9 realizada atrav\u00e9s de parcerias em regime de exclusividade com um \u00fanico ve\u00edculo de comunica\u00e7\u00e3o de cada cidade, onde todo o risco financeiro \u00e9 da nossa empresa, deixando ao ve\u00edculo parceiro apenas os benef\u00edcios que a premia\u00e7\u00e3o confere em termos de credibilidade e visibilidade.<\/li>\n<\/ol>\n<p><strong>NOSSA HIST\u00d3RIA<\/strong><br \/>\nA hist\u00f3ria das parcerias em premia\u00e7\u00f5es &#8220;O Melhor Daqui&#8221; come\u00e7ou no ano de 2004, quando lan\u00e7amos o pr\u00eamio &#8220;O Melhor do Morumbi&#8221; no bairro do Morumbi na capital de S\u00e3o Paulo, em parceria com o portal Morumbi.Net, o maior ve\u00edculo de comunica\u00e7\u00e3o segmentada da regi\u00e3o. Essa parceria se estende at\u00e9 os dias de hoje num grande sucesso que j\u00e1 se tornou uma tradi\u00e7\u00e3o anual no bairro da capital no per\u00edodo entre Maio e Junho.<\/p>\n<p><strong>SELO DE QUALIDADE<\/strong><br \/>\nEssa premia\u00e7\u00e3o j\u00e1 se encontra em sua 15a edi\u00e7\u00e3o anual e tornou-se tradi\u00e7\u00e3o no bairro, transformando-se num verdadeiro &#8220;selo de qualidade&#8221; atestando os bons servi\u00e7os prestados ao p\u00fablico do Morumbi pelos seus vencedores.<\/p>\n<p><strong>OUTRAS PARCERIAS<\/strong><br \/>\nRecentemente, a premia\u00e7\u00e3o vem se expandindo para outros locais, sempre atrav\u00e9s de parcerias com r\u00e1gios, portais ou outros \u00f3rg\u00e3os de comunica\u00e7\u00e3o das cidades. Em 2017, firmamos a parceria com a R\u00e1dio Antena A para a realiza\u00e7\u00e3o das premia\u00e7\u00f5es nas cidades de sua cobertura.\u00a0Nosso objetivo \u00e9 expandir a realiza\u00e7\u00e3o da premia\u00e7\u00e3o por todo o interior do estado de S\u00e3o Paulo e outras regi\u00f5es do pa\u00eds.<\/p>\n<p><strong>SEJA NOSSO PARCEIRO EXCLUSIVO EM SUA CIDADE<\/strong><br \/>\nOs \u00f3rg\u00e3os de comunica\u00e7\u00e3o municipais interessados em se tornarem nossos parceiros exclusivos nas cidades onde atuam devem entrar em contato conosco para obter a exclusividade da realiza\u00e7\u00e3o de &#8220;O Melhor Daqui&#8221; em seu munic\u00edpio.<\/p>\n<pre><\/pre>\n<pre><b>E-mail:\ncontato@omelhordaqui.net<\/b><\/pre>\n<pre><strong>Endere\u00e7o: Av. Tiradentes 360 sala 44 Santa Cruz do Rio Pardo - SP<\/strong><\/pre>\n<p><strong>Equipe <em>O Melhor Daqui<\/em><\/strong><\/p>\n","protected":false},"excerpt":{"rendered":"<p>O Melhor Daqui \u00e9 uma empresa dedicada \u00e0 promo\u00e7\u00e3o de eventos municipais onde o p\u00fablico elege as melhores empresas da cidade de maneira transparente e [&#8230;]<\/p>\n","protected":false},"author":1,"featured_media":0,"parent":0,"menu_order":0,"comment_status":"closed","ping_status":"open","template":"","meta":[],"_links":{"self":[{"href":"https:\/\/omelhordaqui.net\/index.php\/wp-json\/wp\/v2\/pages\/2"}],"collection":[{"href":"https:\/\/omelhordaqui.net\/index.php\/wp-json\/wp\/v2\/pages"}],"about":[{"href":"https:\/\/omelhordaqui.net\/index.php\/wp-json\/wp\/v2\/types\/page"}],"author":[{"embeddable":true,"href":"https:\/\/omelhordaqui.net\/index.php\/wp-json\/wp\/v2\/users\/1"}],"replies":[{"embeddable":true,"href":"https:\/\/omelhordaqui.net\/index.php\/wp-json\/wp\/v2\/comments?post=2"}],"version-history":[{"count":17,"href":"https:\/\/omelhordaqui.net\/index.php\/wp-json\/wp\/v2\/pages\/2\/revisions"}],"predecessor-version":[{"id":2647,"href":"https:\/\/omelhordaqui.net\/index.php\/wp-json\/wp\/v2\/pages\/2\/revisions\/2647"}],"wp:attachment":[{"href":"https:\/\/omelhordaqui.net\/index.php\/wp-json\/wp\/v2\/media?parent=2"}],"curies":[{"name":"wp","href":"https:\/\/api.w.org\/{rel}","templated":true}]}}