{"id":1863,"date":"2020-03-31T18:43:18","date_gmt":"2020-03-31T21:43:18","guid":{"rendered":"http:\/\/omelhordaqui.net\/?page_id=1863"},"modified":"2020-03-31T22:04:00","modified_gmt":"2020-04-01T01:04:00","slug":"premio-o-melhor-daqui-rio-claro-2020-empresas-vencedoras","status":"publish","type":"page","link":"https:\/\/omelhordaqui.net\/index.php\/premio-o-melhor-daqui-rio-claro-2020-empresas-vencedoras\/","title":{"rendered":"Pr\u00eamio &#8220;O Melhor Daqui&#8221; Rio Claro 2020 &#8211; Empresas Vencedoras"},"content":{"rendered":"<p><strong>Clique no link e encomende o merecido diploma de sua empresa: <a href=\"http:\/\/www.bit.ly\/OMelhorDeRioClaro2020\">http:\/\/www.bit.ly\/OMelhorDeRioClaro2020<\/a><\/strong><\/p>\n<p><img decoding=\"async\" loading=\"lazy\" class=\"alignnone size-full wp-image-1878\" src=\"http:\/\/omelhordaqui.net\/wp-content\/uploads\/2020\/03\/resultado_rio_claro_2020.png\" alt=\"\" width=\"2264\" height=\"3374\" srcset=\"https:\/\/omelhordaqui.net\/wp-content\/uploads\/2020\/03\/resultado_rio_claro_2020.png 2264w, https:\/\/omelhordaqui.net\/wp-content\/uploads\/2020\/03\/resultado_rio_claro_2020-201x300.png 201w, https:\/\/omelhordaqui.net\/wp-content\/uploads\/2020\/03\/resultado_rio_claro_2020-768x1145.png 768w, https:\/\/omelhordaqui.net\/wp-content\/uploads\/2020\/03\/resultado_rio_claro_2020-687x1024.png 687w\" sizes=\"(max-width: 2264px) 100vw, 2264px\" \/><\/p>\n<p><strong>O Pr\u00eamio &#8220;O Melhor Daqui&#8221; nasceu no bairro do Morumbi em S\u00e3o Paulo em 2004 e hoje \u00e9 realizado em diversas cidades do interior paulista, onde mobiliza milhares de pessoas que desejam participar da \u00fanica premia\u00e7\u00e3o a eleger as melhores empresas da cidade de forma DIRETA e TRANSPARENTE. Confira em nosso site: <a href=\"http:\/\/omelhordaqui.net\/\">www.omelhordaqui.net<\/a><\/strong><\/p>\n<p><strong>LINKS DESTA PREMIA\u00c7\u00c3O:<\/strong><\/p>\n<p>AQUISI\u00c7\u00c3O DO DIPLOMA:\u00a0<a href=\"http:\/\/www.bit.ly\/OMelhorDeRioClaro2020\">http:\/\/www.bit.ly\/OMelhorDeRioClaro2020<\/a><br \/>\nEMPRESAS VENCEDORAS:\u00a0<a href=\"http:\/\/bit.ly\/OMDRioClaro2020Vencedoras\">http:\/\/bit.ly\/OMDRioClaro2020Vencedoras<\/a><br \/>\nSELOS DIGITAIS GRATUITOS: solicitar atrav\u00e9s do WhatsApp\u00a0(14) 99733-2186 (com Adriane).<\/p>\n<p><strong>Equipe OMelhorDaqui.Net<br \/>\nCelular\/Whatsapp: (14) 99733-2186 (com Adriane)<br \/>\ncontato@omelhordaqui.net<\/strong><\/p>\n","protected":false},"excerpt":{"rendered":"<p>Clique no link e encomende o merecido diploma de sua empresa: http:\/\/www.bit.ly\/OMelhorDeRioClaro2020 O Pr\u00eamio &#8220;O Melhor Daqui&#8221; nasceu no bairro do Morumbi em S\u00e3o Paulo [&#8230;]<\/p>\n","protected":false},"author":1,"featured_media":0,"parent":0,"menu_order":0,"comment_status":"closed","ping_status":"closed","template":"","meta":[],"_links":{"self":[{"href":"https:\/\/omelhordaqui.net\/index.php\/wp-json\/wp\/v2\/pages\/1863"}],"collection":[{"href":"https:\/\/omelhordaqui.net\/index.php\/wp-json\/wp\/v2\/pages"}],"about":[{"href":"https:\/\/omelhordaqui.net\/index.php\/wp-json\/wp\/v2\/types\/page"}],"author":[{"embeddable":true,"href":"https:\/\/omelhordaqui.net\/index.php\/wp-json\/wp\/v2\/users\/1"}],"replies":[{"embeddable":true,"href":"https:\/\/omelhordaqui.net\/index.php\/wp-json\/wp\/v2\/comments?post=1863"}],"version-history":[{"count":5,"href":"https:\/\/omelhordaqui.net\/index.php\/wp-json\/wp\/v2\/pages\/1863\/revisions"}],"predecessor-version":[{"id":1879,"href":"https:\/\/omelhordaqui.net\/index.php\/wp-json\/wp\/v2\/pages\/1863\/revisions\/1879"}],"wp:attachment":[{"href":"https:\/\/omelhordaqui.net\/index.php\/wp-json\/wp\/v2\/media?parent=1863"}],"curies":[{"name":"wp","href":"https:\/\/api.w.org\/{rel}","templated":true}]}}